{"id":50,"date":"2021-09-15T14:01:40","date_gmt":"2021-09-15T12:01:40","guid":{"rendered":"http:\/\/wp1146572.server-he.de\/?page_id=50"},"modified":"2024-04-16T16:42:15","modified_gmt":"2024-04-16T14:42:15","slug":"tagungsarchiv","status":"publish","type":"page","link":"https:\/\/www.mve-liste.de\/index.php\/tagungsarchiv\/","title":{"rendered":"Tagungsarchiv"},"content":{"rendered":"\n<p>Links und Infos zu den vergangenen Tagungen<\/p>\n\n\n\n<p>2023 &#8211; 21. MVE-Tagung abgesagt<\/p>\n\n\n\n<p><a rel=\"noreferrer noopener\" href=\"https:\/\/www.tu-braunschweig.de\/psychologie\/methoden\/mve-2021\" target=\"_blank\"><strong>2021<\/strong>  &#8211;  20. MVE-Tagung 2021 an der TU Braunschweig<\/a><br>Plenary talks: Sebastian Schnettler (Universit\u00e4t Oldenburg), Rosemary Hopcroft (University of North Carolina at Charlotte, USA) &amp; Martin Diewald (Universit\u00e4t Bielefeld)<\/p>\n\n\n\n<p><a rel=\"noreferrer noopener\" href=\"https:\/\/uol.de\/mesf\/mve2019\" data-type=\"URL\" data-id=\"https:\/\/uol.de\/mesf\/mve2019\" target=\"_blank\"><strong>2019<\/strong>  &#8211;  19. MVE-Tagung am Hanse- Wissenschaftskolleg in Delmenhorst<\/a><br>Plenary talks: Andreas Diekmann (ETH Z\u00fcrich, Universit\u00e4t Leipzig) &amp; Sophie von Stumm (University of York, UK) &amp; Eckart Voland (Universit\u00e4t Gie\u00dfen)<\/p>\n\n\n\n<p><strong>2018<\/strong>  &#8211;  18. MVE-Tagung in Frankfurt a. M. (lokales Organisationsteam Anke Kuper). Plenary talks: Wulf Schiefenh\u00f6vel (Seewiesen) &amp; Ursula Wittwer-Backofen (Freiburg)<\/p>\n\n\n\n<p><strong>2017<\/strong>  &#8211;  17. MVE-Tagung in Ulm (lokales Organisationsteam Elisabeth Oberzaucher). Plenary talk: Maryanne Fisher (St. Mary, Canada)<\/p>\n\n\n\n<p><strong>2016<\/strong>  &#8211;  16. MVE-Tagung in Berlin (lokales Organisationsteam Clemens Schwender).<\/p>\n\n\n\n<p><strong>2015<\/strong>  &#8211;  15. MVE-Tagung in W\u00fcrzburg (lokales Organisationsteam Christine Hennighausen, Benjamin P. Lange und Frank Schwab, W\u00fcrzburg). Plenary talks: Eckart Voland (Gie\u00dfen), Gerhard Vollmer (Braunschweig), Norbert Bischof (LMU M\u00fcnchen) und Robert L. Trivers (Rutgers, USA)<\/p>\n\n\n\n<p><strong>2014<\/strong>  &#8211;  14. MVE-Tagung in Wuppertal (lokales Organisationsteam Sascha Schwarz und Matthias Herrgen). Plenary talks: Daniela Niesta Kayser (Potsdam), Claudia Fichtel (G\u00f6ttingen)<\/p>\n\n\n\n<p><strong>2013<\/strong>  &#8211;  13. MVE-Tagung in N\u00fcrnberg (lokales Organisationsteam Annette Scheunpflug, Erlangen-N\u00fcrnberg). Plenary talk: Christoph L\u00fctge (LMU M\u00fcnchen)<\/p>\n\n\n\n<p><strong>2012<\/strong> &#8211; 12. MVE-Tagung in Dresden (lokales Organisationsteam Werner J. Patzelt, Janett Kr\u00e4tschmar-K\u00f6nig, Christoph Mei\u00dfelbach). Plenary talks: Werner J. Patzelt (Dresden) &amp; Gerhard Schurz (D\u00fcsseldorf)<\/p>\n\n\n\n<p><strong>2010<\/strong> &#8211; 11. MVE-Tagung in Berlin (lokales Organisationsteam Carsten Niemitz, Benjamin P. Lange und Nils Seethaler). Plenary talks: Daniel M. T. Fessler (UCLA, USA), Ulf Toelch (Berlin) &amp; Lars Penke (G\u00f6ttingen)<\/p>\n\n\n\n<p><strong>2009<\/strong> &#8211; 10. MVE-Tagung in G\u00f6ttingen (lokales Organisationsteam Bernhard Fink). Plenary talks: Dirk Seemann (G\u00f6ttingen), John T. Manning (Swansea, UK) &amp; Katrin Sch\u00e4fer (Wien, \u00d6sterreich)<\/p>\n\n\n\n<p><strong>2008<\/strong>  &#8211;  9. MVE-Tagung in Hamburg (lokales Organisationsteam Alfred K. Treml, Helmut-Schmidt-Uni der Bundeswehr). Plenary talk: Bernhard Fink (G\u00f6ttingen).<\/p>\n\n\n\n<p><strong>2007<\/strong>  &#8211;  8. MVE-Tagung in Landau (lokales Organisationsteam Bernd Bossong). Plenary talks: Ronald No\u00eb (Strasbourg, Frankreich)<\/p>\n\n\n\n<p><strong>2006<\/strong>  &#8211;  7. MVE-Tagung K\u00f6ln (lokales Organisationsteam Detlef Fetchenhauer). Plenary talks: Michael Casimir &amp; Reoduan Bshary (Neuchatel, Schweiz)<\/p>\n\n\n\n<p><strong>2005<\/strong>  &#8211;  6. MVE-Tagung Osnabr\u00fcck (lokales Organisationsteam Athanasios Chasioitis). Plenary talks: Gerhard Vollmer (Braunschweig), Norbert Bischof (M\u00fcnchen).<\/p>\n\n\n\n<p><strong>2004<\/strong>  &#8211;  5. MVE-Tagung Gie\u00dfen (lokales Organisationsteam Eckart Voland). Plenary talks: Peter Hammerstein (HU Berlin), <\/p>\n\n\n\n<p><strong>2003 <\/strong> &#8211;  4. MVE-Tagung Andechs (lokales Organisationsteam Wulf Schievenh\u00f6vel, MPI f\u00fcr Verhaltens\u00f6kologie). Plenary talk: Frank Salter (MPI f\u00fcr Verhaltens\u00f6kologie).<\/p>\n\n\n\n<p><strong>2002<\/strong>  &#8211;  3. MVE-Tagung in Bielefeld (lokales Organisationsteam Achim Sch\u00fctzwohl)<\/p>\n\n\n\n<p><strong>2001<\/strong>  &#8211;  2. MVE-Tagung in Kassel (lokales Organisationsteam J\u00f6rg Wettlaufer und Percy Vogel)<\/p>\n\n\n\n<p><strong>2000<\/strong>  &#8211;  1. MVE-Tagung in Kassel (lokales Organisationsteam J\u00f6rg Wettlaufer und Percy Vogel)<\/p>\n","protected":false},"excerpt":{"rendered":"<p>Links und Infos zu den vergangenen Tagungen 2023 &#8211; 21. MVE-Tagung abgesagt 2021 &#8211; 20. MVE-Tagung 2021 an der TU BraunschweigPlenary talks: Sebastian Schnettler (Universit\u00e4t Oldenburg), Rosemary Hopcroft (University of North Carolina at Charlotte, USA) &amp; Martin Diewald (Universit\u00e4t Bielefeld) 2019 &#8211; 19. MVE-Tagung am Hanse- Wissenschaftskolleg in DelmenhorstPlenary talks: Andreas Diekmann (ETH Z\u00fcrich, Universit\u00e4t &hellip; <\/p>\n<p class=\"link-more\"><a href=\"https:\/\/www.mve-liste.de\/index.php\/tagungsarchiv\/\" class=\"more-link\"><span class=\"screen-reader-text\">\u201eTagungsarchiv\u201c<\/span> weiterlesen<\/a><\/p>\n","protected":false},"author":2,"featured_media":0,"parent":0,"menu_order":0,"comment_status":"closed","ping_status":"closed","template":"","meta":{"footnotes":""},"class_list":["post-50","page","type-page","status-publish","hentry","entry"],"_links":{"self":[{"href":"https:\/\/www.mve-liste.de\/index.php\/wp-json\/wp\/v2\/pages\/50","targetHints":{"allow":["GET"]}}],"collection":[{"href":"https:\/\/www.mve-liste.de\/index.php\/wp-json\/wp\/v2\/pages"}],"about":[{"href":"https:\/\/www.mve-liste.de\/index.php\/wp-json\/wp\/v2\/types\/page"}],"author":[{"embeddable":true,"href":"https:\/\/www.mve-liste.de\/index.php\/wp-json\/wp\/v2\/users\/2"}],"replies":[{"embeddable":true,"href":"https:\/\/www.mve-liste.de\/index.php\/wp-json\/wp\/v2\/comments?post=50"}],"version-history":[{"count":20,"href":"https:\/\/www.mve-liste.de\/index.php\/wp-json\/wp\/v2\/pages\/50\/revisions"}],"predecessor-version":[{"id":358,"href":"https:\/\/www.mve-liste.de\/index.php\/wp-json\/wp\/v2\/pages\/50\/revisions\/358"}],"wp:attachment":[{"href":"https:\/\/www.mve-liste.de\/index.php\/wp-json\/wp\/v2\/media?parent=50"}],"curies":[{"name":"wp","href":"https:\/\/api.w.org\/{rel}","templated":true}]}}

<p>Links und Infos zu den vergangenen Tagungen</p>



<p>2023 &#8211; 21. MVE-Tagung abgesagt</p>



<p><a rel="noreferrer noopener" href="https://www.tu-braunschweig.de/psychologie/methoden/mve-2021" target="_blank"><strong>2021</strong>  &#8211;  20. MVE-Tagung 2021 an der TU Braunschweig</a><br>Plenary talks: Sebastian Schnettler (Universität Oldenburg), Rosemary Hopcroft (University of North Carolina at Charlotte, USA) &amp; Martin Diewald (Universität Bielefeld)</p>



<p><a rel="noreferrer noopener" href="https://uol.de/mesf/mve2019" data-type="URL" data-id="https://uol.de/mesf/mve2019" target="_blank"><strong>2019</strong>  &#8211;  19. MVE-Tagung am Hanse- Wissenschaftskolleg in Delmenhorst</a><br>Plenary talks: Andreas Diekmann (ETH Zürich, Universität Leipzig) &amp; Sophie von Stumm (University of York, UK) &amp; Eckart Voland (Universität Gießen)</p>



<p><strong>2018</strong>  &#8211;  18. MVE-Tagung in Frankfurt a. M. (lokales Organisationsteam Anke Kuper). Plenary talks: Wulf Schiefenhövel (Seewiesen) &amp; Ursula Wittwer-Backofen (Freiburg)</p>



<p><strong>2017</strong>  &#8211;  17. MVE-Tagung in Ulm (lokales Organisationsteam Elisabeth Oberzaucher). Plenary talk: Maryanne Fisher (St. Mary, Canada)</p>



<p><strong>2016</strong>  &#8211;  16. MVE-Tagung in Berlin (lokales Organisationsteam Clemens Schwender).</p>



<p><strong>2015</strong>  &#8211;  15. MVE-Tagung in Würzburg (lokales Organisationsteam Christine Hennighausen, Benjamin P. Lange und Frank Schwab, Würzburg). Plenary talks: Eckart Voland (Gießen), Gerhard Vollmer (Braunschweig), Norbert Bischof (LMU München) und Robert L. Trivers (Rutgers, USA)</p>



<p><strong>2014</strong>  &#8211;  14. MVE-Tagung in Wuppertal (lokales Organisationsteam Sascha Schwarz und Matthias Herrgen). Plenary talks: Daniela Niesta Kayser (Potsdam), Claudia Fichtel (Göttingen)</p>



<p><strong>2013</strong>  &#8211;  13. MVE-Tagung in Nürnberg (lokales Organisationsteam Annette Scheunpflug, Erlangen-Nürnberg). Plenary talk: Christoph Lütge (LMU München)</p>



<p><strong>2012</strong> &#8211; 12. MVE-Tagung in Dresden (lokales Organisationsteam Werner J. Patzelt, Janett Krätschmar-König, Christoph Meißelbach). Plenary talks: Werner J. Patzelt (Dresden) &amp; Gerhard Schurz (Düsseldorf)</p>



<p><strong>2010</strong> &#8211; 11. MVE-Tagung in Berlin (lokales Organisationsteam Carsten Niemitz, Benjamin P. Lange und Nils Seethaler). Plenary talks: Daniel M. T. Fessler (UCLA, USA), Ulf Toelch (Berlin) &amp; Lars Penke (Göttingen)</p>



<p><strong>2009</strong> &#8211; 10. MVE-Tagung in Göttingen (lokales Organisationsteam Bernhard Fink). Plenary talks: Dirk Seemann (Göttingen), John T. Manning (Swansea, UK) &amp; Katrin Schäfer (Wien, Österreich)</p>



<p><strong>2008</strong>  &#8211;  9. MVE-Tagung in Hamburg (lokales Organisationsteam Alfred K. Treml, Helmut-Schmidt-Uni der Bundeswehr). Plenary talk: Bernhard Fink (Göttingen).</p>



<p><strong>2007</strong>  &#8211;  8. MVE-Tagung in Landau (lokales Organisationsteam Bernd Bossong). Plenary talks: Ronald Noë (Strasbourg, Frankreich)</p>



<p><strong>2006</strong>  &#8211;  7. MVE-Tagung Köln (lokales Organisationsteam Detlef Fetchenhauer). Plenary talks: Michael Casimir &amp; Reoduan Bshary (Neuchatel, Schweiz)</p>



<p><strong>2005</strong>  &#8211;  6. MVE-Tagung Osnabrück (lokales Organisationsteam Athanasios Chasioitis). Plenary talks: Gerhard Vollmer (Braunschweig), Norbert Bischof (München).</p>



<p><strong>2004</strong>  &#8211;  5. MVE-Tagung Gießen (lokales Organisationsteam Eckart Voland). Plenary talks: Peter Hammerstein (HU Berlin), </p>



<p><strong>2003 </strong> &#8211;  4. MVE-Tagung Andechs (lokales Organisationsteam Wulf Schievenhövel, MPI für Verhaltensökologie). Plenary talk: Frank Salter (MPI für Verhaltensökologie).</p>



<p><strong>2002</strong>  &#8211;  3. MVE-Tagung in Bielefeld (lokales Organisationsteam Achim Schützwohl)</p>



<p><strong>2001</strong>  &#8211;  2. MVE-Tagung in Kassel (lokales Organisationsteam Jörg Wettlaufer und Percy Vogel)</p>



<p><strong>2000</strong>  &#8211;  1. MVE-Tagung in Kassel (lokales Organisationsteam Jörg Wettlaufer und Percy Vogel)</p>

<p>Links und Infos zu den vergangenen Tagungen 2023 &#8211; 21. MVE-Tagung abgesagt 2021 &#8211; 20. MVE-Tagung 2021 an der TU BraunschweigPlenary talks: Sebastian Schnettler (Universität Oldenburg), Rosemary Hopcroft (University of North Carolina at Charlotte, USA) &amp; Martin Diewald (Universität Bielefeld) 2019 &#8211; 19. MVE-Tagung am Hanse- Wissenschaftskolleg in DelmenhorstPlenary talks: Andreas Diekmann (ETH Zürich, Universität &hellip; </p>
<p class="link-more"><a href="https://www.mve-liste.de/index.php/tagungsarchiv/" class="more-link"><span class="screen-reader-text">„Tagungsarchiv“</span> weiterlesen</a></p>
